{"id":1110,"date":"2026-03-17T21:43:30","date_gmt":"2026-03-17T21:43:30","guid":{"rendered":"https:\/\/tomberlin.com.br\/?post_type=product&#038;p=1110"},"modified":"2026-03-17T21:47:13","modified_gmt":"2026-03-17T21:47:13","slug":"cadeira-vitoria","status":"publish","type":"product","link":"https:\/\/tomberlin.com.br\/index.php\/produto\/cadeira-vitoria\/","title":{"rendered":"Cadeira Vit\u00f3ria"},"content":{"rendered":"<p id=\"p-rc_5abbf33d12bf55e7-396\" data-path-to-node=\"7\"><span data-path-to-node=\"7,0\"><b data-path-to-node=\"7,0\" data-index-in-node=\"0\">Eleg\u00e2ncia e Durabilidade para Sal\u00f5es de Alto Padr\u00e3o<\/b> <\/span><span data-path-to-node=\"7,2\"><span class=\"citation-1259\">A <\/span><b data-path-to-node=\"7,2\" data-index-in-node=\"2\"><span class=\"citation-1259\">Cadeira Vit\u00f3ria CV<\/span><\/b> <\/span><span data-path-to-node=\"7,4\"> foi desenvolvida pela Tomberlin com um design de encosto cl\u00e1ssico e sofisticado, sendo a escolha perfeita para hot\u00e9is, casamentos e conven\u00e7\u00f5es que exigem um visual premium. Al\u00e9m da est\u00e9tica, ela entrega o padr\u00e3o de durabilidade extrema que o mercado B2B de eventos necessita.<\/span><\/p>\n<p id=\"p-rc_5abbf33d12bf55e7-397\" data-path-to-node=\"8\"><span data-path-to-node=\"8,0\"><b data-path-to-node=\"8,0\" data-index-in-node=\"0\">Estrutura de Alta Performance<\/b> <\/span><span data-path-to-node=\"8,2\"><span class=\"citation-1258\">Fabricada como padr\u00e3o com estrutura refor\u00e7ada em a\u00e7o carbono <\/span><\/span><span data-path-to-node=\"8,5\"><span class=\"citation-1257\">, a cadeira Vit\u00f3ria CV recebe o exclusivo tratamento nanocer\u00e2mico <\/span><\/span><span data-path-to-node=\"8,8\"><span class=\"citation-1256\">e acabamento em pintura eletrost\u00e1tica a p\u00f3<\/span><\/span><span data-path-to-node=\"8,10\">. Esse processo garante m\u00e1xima prote\u00e7\u00e3o contra o desgaste di\u00e1rio e arranh\u00f5es. <\/span><span data-path-to-node=\"8,12\"><span class=\"citation-1255\">Para opera\u00e7\u00f5es que demandam pe\u00e7as mais leves, a estrutura pode ser fabricada em alum\u00ednio <\/span><\/span><span data-path-to-node=\"8,15\"><span class=\"citation-1254\">, reduzindo o peso total em m\u00e9dia 2 kg <\/span><\/span><span data-path-to-node=\"8,18\"><span class=\"citation-1253\">(nota: cadeiras com estrutura em alum\u00ednio n\u00e3o aceitam o acess\u00f3rio Bra\u00e7o Universit\u00e1rio <\/span><\/span><span data-path-to-node=\"8,20\">).<\/span><\/p>\n<p id=\"p-rc_5abbf33d12bf55e7-398\" data-path-to-node=\"9\"><span data-path-to-node=\"9,0\"><b data-path-to-node=\"9,0\" data-index-in-node=\"0\">Conforto Prolongado<\/b> <\/span><span data-path-to-node=\"9,2\"><span class=\"citation-1252\">Para garantir o bem-estar dos convidados do in\u00edcio ao fim do evento, tanto o assento quanto o encosto s\u00e3o desenvolvidos com espuma injetada <\/span><\/span><span data-path-to-node=\"9,5\"><span class=\"citation-1251\">e revestimento em tecido 100% poli\u00e9ster<\/span><\/span><span data-path-to-node=\"9,7\">.<\/span><\/p>\n<p data-path-to-node=\"10\"><b data-path-to-node=\"10\" data-index-in-node=\"0\">Armazenamento Inteligente e Diferenciais Tomberlin<\/b><\/p>\n<p id=\"p-rc_5abbf33d12bf55e7-399\" data-path-to-node=\"11,0,1\"><span data-path-to-node=\"11,0,1,0\"><b data-path-to-node=\"11,0,1,0\" data-index-in-node=\"0\"><span class=\"citation-1250\">Empilhamento Seguro:<\/span><\/b><span class=\"citation-1250\"> Sistema estrutural inteligente que permite empilhar at\u00e9 10 unidades <\/span><\/span><span data-path-to-node=\"11,0,1,3\"><span class=\"citation-1249\">com total estabilidade, seguran\u00e7a e praticidade<\/span><\/span><span data-path-to-node=\"11,0,1,5\">.<\/span><\/p>\n<p id=\"p-rc_5abbf33d12bf55e7-400\" data-path-to-node=\"11,1,1\"><span data-path-to-node=\"11,1,1,0\"><b data-path-to-node=\"11,1,1,0\" data-index-in-node=\"0\"><span class=\"citation-1248\">Protetor Lateral:<\/span><\/b><span class=\"citation-1248\"> Todos os modelos de cadeiras contam com protetores em pl\u00e1stico injetado nas laterais <\/span><\/span><span data-path-to-node=\"11,1,1,3\"><span class=\"citation-1247\">, criados especificamente para evitar atritos e danos ao chassi durante o empilhamento<\/span><\/span><span data-path-to-node=\"11,1,1,5\">.<\/span><\/p>\n<p id=\"p-rc_5abbf33d12bf55e7-401\" data-path-to-node=\"11,2,1\"><span data-path-to-node=\"11,2,1,0\"><b data-path-to-node=\"11,2,1,0\" data-index-in-node=\"0\"><span class=\"citation-1246\">Sapatas em Policarbonato:<\/span><\/b><span class=\"citation-1246\"> O policarbonato \u00e9 mais resistente a atritos e impactos <\/span><\/span><span data-path-to-node=\"11,2,1,3\"><span class=\"citation-1245\">, garantindo mais durabilidade \u00e0 pe\u00e7a <\/span><\/span><span data-path-to-node=\"11,2,1,5\"> e protegendo o piso do seu sal\u00e3o.<\/span><\/p>\n","protected":false},"excerpt":{"rendered":"<p>Eleg\u00e2ncia e Durabilidade para Sal\u00f5es de Alto Padr\u00e3o A Cadeira Vit\u00f3ria CV foi desenvolvida pela Tomberlin com um design de encosto cl\u00e1ssico e sofisticado, sendo a escolha perfeita para hot\u00e9is, casamentos e conven\u00e7\u00f5es que exigem um visual premium. Al\u00e9m da est\u00e9tica, ela entrega o padr\u00e3o de durabilidade extrema que o mercado B2B de eventos necessita. [&hellip;]<\/p>\n","protected":false},"featured_media":1112,"template":"","meta":{"_acf_changed":false},"dados-do-produto":[],"product_brand":[],"product_cat":[27],"product_tag":[],"class_list":{"0":"post-1110","1":"product","2":"type-product","3":"status-publish","4":"has-post-thumbnail","6":"product_cat-cadeiras","7":"pa_empilhamento-maximo-32","9":"first","10":"instock","11":"shipping-taxable","12":"purchasable","13":"product-type-simple"},"acf":[],"_links":{"self":[{"href":"https:\/\/tomberlin.com.br\/index.php\/wp-json\/wp\/v2\/product\/1110","targetHints":{"allow":["GET"]}}],"collection":[{"href":"https:\/\/tomberlin.com.br\/index.php\/wp-json\/wp\/v2\/product"}],"about":[{"href":"https:\/\/tomberlin.com.br\/index.php\/wp-json\/wp\/v2\/types\/product"}],"version-history":[{"count":1,"href":"https:\/\/tomberlin.com.br\/index.php\/wp-json\/wp\/v2\/product\/1110\/revisions"}],"predecessor-version":[{"id":1115,"href":"https:\/\/tomberlin.com.br\/index.php\/wp-json\/wp\/v2\/product\/1110\/revisions\/1115"}],"wp:featuredmedia":[{"embeddable":true,"href":"https:\/\/tomberlin.com.br\/index.php\/wp-json\/wp\/v2\/media\/1112"}],"wp:attachment":[{"href":"https:\/\/tomberlin.com.br\/index.php\/wp-json\/wp\/v2\/media?parent=1110"}],"wp:term":[{"taxonomy":"dados-do-produto","embeddable":true,"href":"https:\/\/tomberlin.com.br\/index.php\/wp-json\/wp\/v2\/dados-do-produto?post=1110"},{"taxonomy":"product_brand","embeddable":true,"href":"https:\/\/tomberlin.com.br\/index.php\/wp-json\/wp\/v2\/product_brand?post=1110"},{"taxonomy":"product_cat","embeddable":true,"href":"https:\/\/tomberlin.com.br\/index.php\/wp-json\/wp\/v2\/product_cat?post=1110"},{"taxonomy":"product_tag","embeddable":true,"href":"https:\/\/tomberlin.com.br\/index.php\/wp-json\/wp\/v2\/product_tag?post=1110"}],"curies":[{"name":"wp","href":"https:\/\/api.w.org\/{rel}","templated":true}]}}