{"id":1087,"date":"2026-03-17T21:26:30","date_gmt":"2026-03-17T21:26:30","guid":{"rendered":"https:\/\/tomberlin.com.br\/?post_type=product&#038;p=1087"},"modified":"2026-03-17T21:30:14","modified_gmt":"2026-03-17T21:30:14","slug":"cadeira-prisma","status":"publish","type":"product","link":"https:\/\/tomberlin.com.br\/index.php\/produto\/cadeira-prisma\/","title":{"rendered":"Cadeira Prisma"},"content":{"rendered":"<p id=\"p-rc_750db7ff42528219-312\" data-path-to-node=\"7\"><span data-path-to-node=\"7,0\"><b data-path-to-node=\"7,0\" data-index-in-node=\"0\">Design Moderno e Alta Resist\u00eancia<\/b> <\/span><span data-path-to-node=\"7,2\"><span class=\"citation-971\">A <\/span><b data-path-to-node=\"7,2\" data-index-in-node=\"2\"><span class=\"citation-971\">Cadeira Prisma CP<\/span><\/b><span class=\"citation-971\"> se destaca pelo seu chassi em <\/span><b data-path-to-node=\"7,2\" data-index-in-node=\"50\"><span class=\"citation-971\">Tubo Oblongo<\/span><\/b><\/span><span data-path-to-node=\"7,4\">, um detalhe estrutural que confere um design mais moderno e elegante em rela\u00e7\u00e3o aos tubos tradicionais. <\/span><span data-path-to-node=\"7,6\"><span class=\"citation-970\">Projetada pela Tomberlin <\/span><\/span><span data-path-to-node=\"7,8\"> para suportar a rotina intensa de sal\u00f5es de eventos, audit\u00f3rios e hot\u00e9is, ela \u00e9 a escolha perfeita para quem busca sofistica\u00e7\u00e3o e durabilidade em um s\u00f3 produto.<\/span><\/p>\n<p id=\"p-rc_750db7ff42528219-313\" data-path-to-node=\"8\"><span data-path-to-node=\"8,0\"><b data-path-to-node=\"8,0\" data-index-in-node=\"0\">Estrutura de Alta Performance<\/b> <\/span><span data-path-to-node=\"8,2\"><span class=\"citation-969\">Fabricada com estrutura refor\u00e7ada em a\u00e7o carbono <\/span><\/span><span data-path-to-node=\"8,5\"><span class=\"citation-968\">, a Prisma CP recebe um exclusivo tratamento nanocer\u00e2mico <\/span><\/span><span data-path-to-node=\"8,8\"><span class=\"citation-967\">e acabamento em pintura eletrost\u00e1tica a p\u00f3<\/span><\/span><span data-path-to-node=\"8,10\">, garantindo m\u00e1xima prote\u00e7\u00e3o contra oxida\u00e7\u00e3o e arranh\u00f5es. <\/span><span data-path-to-node=\"8,12\"><span class=\"citation-966\">Caso o seu projeto necessite de pe\u00e7as mais leves para facilitar a montagem dos sal\u00f5es, a estrutura pode ser encomendada em alum\u00ednio <\/span><\/span><span data-path-to-node=\"8,15\"><span class=\"citation-965\">, o que reduz o peso da pe\u00e7a em cerca de 2 kg <\/span><\/span><span data-path-to-node=\"8,18\"><span class=\"citation-964\">(nota: cadeiras em alum\u00ednio n\u00e3o aceitam o acess\u00f3rio Bra\u00e7o Universit\u00e1rio <\/span><\/span><span data-path-to-node=\"8,20\">).<\/span><\/p>\n<p id=\"p-rc_750db7ff42528219-314\" data-path-to-node=\"9\"><span data-path-to-node=\"9,0\"><b data-path-to-node=\"9,0\" data-index-in-node=\"0\">Conforto Prolongado<\/b> <\/span><span data-path-to-node=\"9,2\"><span class=\"citation-963\">Para garantir o bem-estar dos convidados, o assento e o encosto s\u00e3o desenvolvidos com espuma injetada e revestidos em tecido 100% poli\u00e9ster<\/span><\/span><span data-path-to-node=\"9,4\">.<\/span><\/p>\n<p data-path-to-node=\"10\"><b data-path-to-node=\"10\" data-index-in-node=\"0\">Armazenamento Inteligente e Diferenciais Tomberlin<\/b><\/p>\n<p id=\"p-rc_750db7ff42528219-315\" data-path-to-node=\"11,0,1\"><span data-path-to-node=\"11,0,1,0\"><b data-path-to-node=\"11,0,1,0\" data-index-in-node=\"0\"><span class=\"citation-962\">Empilhamento Seguro:<\/span><\/b><span class=\"citation-962\"> Sistema estrutural projetado para garantir que at\u00e9 10 cadeiras <\/span><\/span><span data-path-to-node=\"11,0,1,3\"><span class=\"citation-961\">sejam empilhadas com total seguran\u00e7a e praticidade<\/span><\/span><span data-path-to-node=\"11,0,1,5\">.<\/span><\/p>\n<p id=\"p-rc_750db7ff42528219-316\" data-path-to-node=\"11,1,1\"><span data-path-to-node=\"11,1,1,0\"><b data-path-to-node=\"11,1,1,0\" data-index-in-node=\"0\"><span class=\"citation-960\">Protetor Lateral:<\/span><\/b><span class=\"citation-960\"> Conta com protetores em pl\u00e1stico injetado nas laterais, criados especificamente para evitar atritos e danos ao chassi durante o empilhamento<\/span><\/span><span data-path-to-node=\"11,1,1,2\">.<\/span><\/p>\n<p><span style=\"font-family: -apple-system, BlinkMacSystemFont, 'Segoe UI', Roboto, 'Helvetica Neue', Arial, 'Noto Sans', sans-serif, 'Apple Color Emoji', 'Segoe UI Emoji', 'Segoe UI Symbol', 'Noto Color Emoji';\" data-path-to-node=\"11,2,1,0\"><b data-path-to-node=\"11,2,1,0\" data-index-in-node=\"0\"><span class=\"citation-959\">Sapatas em Policarbonato:<\/span><\/b><span class=\"citation-959\"> Material altamente resistente a impactos<\/span><\/span><span style=\"font-family: -apple-system, BlinkMacSystemFont, 'Segoe UI', Roboto, 'Helvetica Neue', Arial, 'Noto Sans', sans-serif, 'Apple Color Emoji', 'Segoe UI Emoji', 'Segoe UI Symbol', 'Noto Color Emoji';\" data-path-to-node=\"11,2,1,2\">, garantindo uma vida \u00fatil prolongada ao m\u00f3vel e protegendo o piso do seu estabelecimento.<\/span><\/p>\n","protected":false},"excerpt":{"rendered":"<p>Design Moderno e Alta Resist\u00eancia A Cadeira Prisma CP se destaca pelo seu chassi em Tubo Oblongo, um detalhe estrutural que confere um design mais moderno e elegante em rela\u00e7\u00e3o aos tubos tradicionais. Projetada pela Tomberlin para suportar a rotina intensa de sal\u00f5es de eventos, audit\u00f3rios e hot\u00e9is, ela \u00e9 a escolha perfeita para quem [&hellip;]<\/p>\n","protected":false},"featured_media":1089,"template":"","meta":{"_acf_changed":false},"dados-do-produto":[],"product_brand":[],"product_cat":[27],"product_tag":[],"class_list":{"0":"post-1087","1":"product","2":"type-product","3":"status-publish","4":"has-post-thumbnail","6":"product_cat-cadeiras","7":"pa_empilhamento-maximo-32","9":"first","10":"instock","11":"shipping-taxable","12":"purchasable","13":"product-type-simple"},"acf":[],"_links":{"self":[{"href":"https:\/\/tomberlin.com.br\/index.php\/wp-json\/wp\/v2\/product\/1087","targetHints":{"allow":["GET"]}}],"collection":[{"href":"https:\/\/tomberlin.com.br\/index.php\/wp-json\/wp\/v2\/product"}],"about":[{"href":"https:\/\/tomberlin.com.br\/index.php\/wp-json\/wp\/v2\/types\/product"}],"version-history":[{"count":1,"href":"https:\/\/tomberlin.com.br\/index.php\/wp-json\/wp\/v2\/product\/1087\/revisions"}],"predecessor-version":[{"id":1092,"href":"https:\/\/tomberlin.com.br\/index.php\/wp-json\/wp\/v2\/product\/1087\/revisions\/1092"}],"wp:featuredmedia":[{"embeddable":true,"href":"https:\/\/tomberlin.com.br\/index.php\/wp-json\/wp\/v2\/media\/1089"}],"wp:attachment":[{"href":"https:\/\/tomberlin.com.br\/index.php\/wp-json\/wp\/v2\/media?parent=1087"}],"wp:term":[{"taxonomy":"dados-do-produto","embeddable":true,"href":"https:\/\/tomberlin.com.br\/index.php\/wp-json\/wp\/v2\/dados-do-produto?post=1087"},{"taxonomy":"product_brand","embeddable":true,"href":"https:\/\/tomberlin.com.br\/index.php\/wp-json\/wp\/v2\/product_brand?post=1087"},{"taxonomy":"product_cat","embeddable":true,"href":"https:\/\/tomberlin.com.br\/index.php\/wp-json\/wp\/v2\/product_cat?post=1087"},{"taxonomy":"product_tag","embeddable":true,"href":"https:\/\/tomberlin.com.br\/index.php\/wp-json\/wp\/v2\/product_tag?post=1087"}],"curies":[{"name":"wp","href":"https:\/\/api.w.org\/{rel}","templated":true}]}}